{"id":1470,"date":"2020-12-08T03:53:12","date_gmt":"2020-12-08T03:53:12","guid":{"rendered":"https:\/\/gaviaspreview.com\/wp\/orgarium\/?page_id=21"},"modified":"2023-11-21T17:22:38","modified_gmt":"2023-11-21T17:22:38","slug":"about","status":"publish","type":"page","link":"https:\/\/innovagrove.com\/index.php\/about\/","title":{"rendered":"Nosotros Espanol"},"content":{"rendered":"<style>\/*! elementor - v3.17.0 - 01-11-2023 *\/<br \/>\n.elementor-widget-image{text-align:center}.elementor-widget-image a{display:inline-block}.elementor-widget-image a img[src$=\".svg\"]{width:48px}.elementor-widget-image img{vertical-align:middle;display:inline-block}<\/style>\n<p>\t\t\t\t\t\t\t\t\t\t\t\t<img decoding=\"async\" width=\"470\" height=\"666\" src=\"http:\/\/innovagrove.com\/wp-content\/uploads\/2023\/10\/SERVICES_1.jpg\" alt=\"\" loading=\"lazy\" \/><br \/>\n<img decoding=\"async\" src=\"https:\/\/innovagrove.com\/wp-content\/uploads\/2023\/10\/cropped-THUMBNAIL_LOGO_ICON.png\" alt=\"\" \/>Con\u00f3cenos<\/p>\n<h2>\n               Comercializar herramientas, productos y servicios para el sector agr\u00edcola<\/h2>\n<p>Ofrecemos a nuestros clientes herramientas, productos y servicios que le permitan innovar y estar a la vanguardia en la gesti\u00f3n de los procesos agr\u00edcolas internacionales.<br \/>\n<img decoding=\"async\" src=\"https:\/\/innovagrove.com\/wp-content\/uploads\/2023\/10\/cropped-THUMBNAIL_LOGO_ICON.png\" alt=\"\" \/>Con\u00f3cenos<\/p>\n<h2>\n               Comercializar herramientas, productos y servicios para el sector agr\u00edcola<\/h2>\n<p>Ofrecemos a nuestros clientes herramientas, productos y servicios que le permitan innovar y estar a la vanguardia en la gesti\u00f3n de los procesos agr\u00edcolas internacionales.<\/p>\n<h2>\n               SOMOS GRUPO<br \/>\nEL POLO<\/h2>\n<div style=\"width: 640px;\" class=\"wp-video\"><!--[if lt IE 9]><script>document.createElement('video');<\/script><![endif]-->\n<video class=\"wp-video-shortcode\" id=\"video-1470-1\" width=\"640\" height=\"360\" preload=\"metadata\" controls=\"controls\"><source type=\"video\/mp4\" src=\"https:\/\/innovagrove.com\/wp-content\/uploads\/2023\/10\/Grupo-el-POLO.mp4https:\/\/innovagrove.com\/wp-content\/uploads\/2023\/10\/Grupo-el-POLO.mp4?_=1\" \/><a href=\"https:\/\/innovagrove.com\/wp-content\/uploads\/2023\/10\/Grupo-el-POLO.mp4https:\/\/innovagrove.com\/wp-content\/uploads\/2023\/10\/Grupo-el-POLO.mp4\">https:\/\/innovagrove.com\/wp-content\/uploads\/2023\/10\/Grupo-el-POLO.mp4https:\/\/innovagrove.com\/wp-content\/uploads\/2023\/10\/Grupo-el-POLO.mp4<\/a><\/video><\/div>\n<h2>\n               Principios \u00e9ticos empresariales<\/h2>\n<link rel=\"stylesheet\" href=\"https:\/\/innovagrove.com\/wp-content\/plugins\/elementor\/assets\/css\/widget-icon-box.min.css\">\n<h3>\n\t\t\t\t\t\tProfesionalismo<\/h3>\n<p>Desarrollar nuestras actividades con compromiso, responsabilidad y \u00e9tica.<\/p>\n<h3>\n\t\t\t\t\t\tExcelencia<\/h3>\n<p>Desempe\u00f1ar nuestras actividades tan impecables en todos los aspectos que por mucho que se revisen, sea dif\u00edcil encontrar alg\u00fan\u00a0\u00e1rea\u00a0a\u00a0mejorar.<\/p>\n<h3>\n\t\t\t\t\t\tPasi\u00f3n<\/h3>\n<p>Sentir pasi\u00f3n por nuestro trabajo y por lo que hacemos, a tal punto, que podemos contagiar esa emoci\u00f3n y esa energ\u00eda a los dem\u00e1s.<\/p>\n<h3>\n\t\t\t\t\t\tOrientaci\u00f3n al cliente<\/h3>\n<p>Satisfacer las necesidades de nuestros clientes, as\u00ed como de cumplir con sus pedidos y superar sus expectativas.<\/p>\n<h3>\n\t\t\t\t\t\tTrabajo en equipo<\/h3>\n<p>Promover la colaboraci\u00f3n de nuestros trabajadores, aportando lo mejor de cada uno y asumiendo responsabilidades para la realizaci\u00f3n de un\u00a0objetivo\u00a0com\u00fan.<\/p>\n<h3>\n\t\t\t\t\t\tIdentidad laboral<\/h3>\n<p>Sentirse orgullo de trabajar en la organizaci\u00f3n y mantener un respeto por la misma antes, durante y despu\u00e9s de realizar nuestras actividades.<\/p>\n<p><img width=\"880\" height=\"896\" src=\"http:\/\/innovagrove.com\/wp-content\/uploads\/2023\/10\/NOSOTROS_2.jpg\" alt=\"\" decoding=\"async\" loading=\"lazy\" srcset=\"https:\/\/innovagrove.com\/wp-content\/uploads\/2023\/10\/NOSOTROS_2.jpg 880w, https:\/\/innovagrove.com\/wp-content\/uploads\/2023\/10\/NOSOTROS_2-768x782.jpg 768w, https:\/\/innovagrove.com\/wp-content\/uploads\/2023\/10\/NOSOTROS_2-600x611.jpg 600w\" sizes=\"(max-width: 880px) 100vw, 880px\" \/><\/p>\n<h2>\n\t\t\t\t\t\tValores<\/h2>\n<h3>\n\t\t\t\t\t\tTecnolog\u00eda e innovaci\u00f3n<\/h3>\n<p>Tener la capacidad de mejorar las cosas, partiendo de cosas no pensadas anteriormente, sin temerle a los desaf\u00edos y siendo cada vez m\u00e1s creativo.<\/p>\n<h3>\n\t\t\t\t\t\tIntegridad y confianza<\/h3>\n<p>Ser honestos, respetuosos, apoyamos nuestros valores, pol\u00edticas y normativas, y tomamos sistem\u00e1ticamente decisiones positivas, incluso cuando nadie nos est\u00e1 mirando.<\/p>\n<h2>\n               Principios \u00e9ticos empresariales<\/h2>\n<h3>\n\t\t\t\t\t\tProfesionalismo<\/h3>\n<p>Desarrollar nuestras actividades con compromiso, responsabilidad y \u00e9tica.<\/p>\n<h3>\n\t\t\t\t\t\tExcelencia<\/h3>\n<p>Desempe\u00f1ar nuestras actividades tan impecables en todos los aspectos que por mucho que se revisen, sea dif\u00edcil encontrar alg\u00fan\u00a0\u00e1rea\u00a0a\u00a0mejorar.<\/p>\n<h3>\n\t\t\t\t\t\tPasi\u00f3n<\/h3>\n<p>Sentir pasi\u00f3n por nuestro trabajo y por lo que hacemos, a tal punto, que podemos contagiar esa emoci\u00f3n y esa energ\u00eda a los dem\u00e1s.<\/p>\n<h3>\n\t\t\t\t\t\tOrientaci\u00f3n al cliente<\/h3>\n<p>Satisfacer las necesidades de nuestros clientes, as\u00ed como de cumplir con sus pedidos y superar sus expectativas.<\/p>\n<h3>\n\t\t\t\t\t\tTrabajo en equipo<\/h3>\n<p>Promover la colaboraci\u00f3n de nuestros trabajadores, aportando lo mejor de cada uno y asumiendo responsabilidades para la realizaci\u00f3n de un\u00a0objetivo\u00a0com\u00fan.<\/p>\n<h3>\n\t\t\t\t\t\tIdentidad laboral<\/h3>\n<p>Sentirse orgullo de trabajar en la organizaci\u00f3n y mantener un respeto por la misma antes, durante y despu\u00e9s de realizar nuestras actividades.<\/p>\n<h3>\n\t\t\t\t\t\tTecnolog\u00eda e innovaci\u00f3n<\/h3>\n<p>Tener la capacidad de mejorar las cosas, partiendo de cosas no pensadas anteriormente, sin temerle a los desaf\u00edos y siendo cada vez m\u00e1s creativo.<\/p>\n<h3>\n\t\t\t\t\t\tIntegridad y confianza<\/h3>\n<p>Ser honestos, respetuosos, apoyamos nuestros valores, pol\u00edticas y normativas, y tomamos sistem\u00e1ticamente decisiones positivas, incluso cuando nadie nos est\u00e1 mirando.<\/p>\n<p><img width=\"880\" height=\"896\" src=\"http:\/\/innovagrove.com\/wp-content\/uploads\/2023\/10\/NOSOTROS_2.jpg\" alt=\"\" decoding=\"async\" loading=\"lazy\" srcset=\"https:\/\/innovagrove.com\/wp-content\/uploads\/2023\/10\/NOSOTROS_2.jpg 880w, https:\/\/innovagrove.com\/wp-content\/uploads\/2023\/10\/NOSOTROS_2-768x782.jpg 768w, https:\/\/innovagrove.com\/wp-content\/uploads\/2023\/10\/NOSOTROS_2-600x611.jpg 600w\" sizes=\"(max-width: 880px) 100vw, 880px\" \/><\/p>\n<h2>\n\t\t\t\t\t\tValores<\/h2>\n<p><img decoding=\"async\" src=\"https:\/\/innovagrove.com\/wp-content\/uploads\/2023\/10\/THUMBNAIL_LOGO_ICON2.png\" alt=\"\" \/>#AgriculturaInteligente<\/p>\n<h2>\n               Vinculados a la tecnolog\u00eda<\/h2>\n<h3><\/h3>\n<p>Utilizamos un sistema de agricultura inteligente que te permite monitorear tus lotes, geolocalizar datos, analizar la informaci\u00f3n y generar \u00f3rdenes de aplicaci\u00f3n\u00a0para\u00a0su\u00a0manejo.<\/p>\n<p><a href=\"https:\/\/sima.ag\/\">SIMA Website<\/a><br \/>\n<img loading=\"lazy\" decoding=\"async\" width=\"670\" height=\"560\" src=\"https:\/\/innovagrove.com\/wp-content\/uploads\/2023\/10\/NOSOTROS_3.jpg\" alt=\"SIMA Agtech\" \/><br \/>\n\u201c<br \/>\n\u201cInteligente es que con un mismo sistema puedas registrar malezas, plagas y enfermedades o simplemente tomar fotograf\u00edas, notas de voz o texto.\u201d<br \/>\nSIMA Agtech<br \/>\n<img decoding=\"async\" width=\"900\" height=\"152\" src=\"http:\/\/innovagrove.com\/wp-content\/uploads\/2023\/10\/simaagtech_cover-1024x173-1.jpg\" alt=\"\" loading=\"lazy\" srcset=\"https:\/\/innovagrove.com\/wp-content\/uploads\/2023\/10\/simaagtech_cover-1024x173-1.jpg 1024w, https:\/\/innovagrove.com\/wp-content\/uploads\/2023\/10\/simaagtech_cover-1024x173-1-768x130.jpg 768w, https:\/\/innovagrove.com\/wp-content\/uploads\/2023\/10\/simaagtech_cover-1024x173-1-600x101.jpg 600w\" sizes=\"(max-width: 900px) 100vw, 900px\" \/><br \/>\n<img decoding=\"async\" src=\"https:\/\/innovagrove.com\/wp-content\/uploads\/2023\/10\/cropped-THUMBNAIL_LOGO_ICON.png\" alt=\"\" \/>Nuestro Staff<\/p>\n<h2>\n               Contamos con experiencia.<\/h2>\n<p><img loading=\"lazy\" decoding=\"async\" width=\"270\" height=\"340\" src=\"http:\/\/innovagrove.com\/wp-content\/uploads\/2023\/10\/NOSOTROS_PABLOOSCAR2.jpg\" alt=\"\" \/><\/p>\n<h3>\n                  Pablo Oscar Perez<\/h3>\n<p>Fundador<br \/>\n<img loading=\"lazy\" decoding=\"async\" width=\"270\" height=\"340\" src=\"http:\/\/innovagrove.com\/wp-content\/uploads\/2023\/10\/NOSOTROS_ORIANNA.jpg\" alt=\"\" \/><\/p>\n<h3>\n                  Orianna V\u00e1squez<\/h3>\n<p>Gerente general<br \/>\n<img loading=\"lazy\" decoding=\"async\" width=\"270\" height=\"340\" src=\"http:\/\/innovagrove.com\/wp-content\/uploads\/2023\/10\/NOSOTROS_JORJELISYEPEZ.jpg\" alt=\"\" \/><\/p>\n<h3>\n                  Jorjelis Yepez<\/h3>\n<p>Especialista en exportaci\u00f3n<br \/>\n<img loading=\"lazy\" decoding=\"async\" width=\"270\" height=\"340\" src=\"http:\/\/innovagrove.com\/wp-content\/uploads\/2023\/10\/NOSOTROS_PERSONA4.jpg\" alt=\"\" \/><\/p>\n<h3>\n                  Isabela Mora<\/h3>\n<p>Coordinadora de comercio y log\u00edstica<br \/>\n<img loading=\"lazy\" decoding=\"async\" width=\"270\" height=\"340\" src=\"http:\/\/innovagrove.com\/wp-content\/uploads\/2023\/10\/NOSOTROS_PERSONA7.jpg\" alt=\"\" \/><\/p>\n<h3>\n                  Ahinara Montilla<\/h3>\n<p>Coordinadora Dpto de Calidad (Analista)<\/p>\n<style>\/*! elementor - v3.17.0 - 01-11-2023 *\/<br \/>\n.elementor-heading-title{padding:0;margin:0;line-height:1}.elementor-widget-heading .elementor-heading-title[class*=elementor-size-]>a{color:inherit;font-size:inherit;line-height:inherit}.elementor-widget-heading .elementor-heading-title.elementor-size-small{font-size:15px}.elementor-widget-heading .elementor-heading-title.elementor-size-medium{font-size:19px}.elementor-widget-heading .elementor-heading-title.elementor-size-large{font-size:29px}.elementor-widget-heading .elementor-heading-title.elementor-size-xl{font-size:39px}.elementor-widget-heading .elementor-heading-title.elementor-size-xxl{font-size:59px}<\/style>\n<h2>Estad\u00edsticas<\/h2>\n<h2>Statistics<\/h2>\n<p>12+<\/p>\n<h3>Pa\u00edses exportados<\/h3>\n<p>37000+<\/p>\n<h3>Toneladas de Frijol Mung Exportadas<\/h3>\n<p>500+<\/p>\n<h3>N\u00famero de contenedores gestionados<\/h3>\n<p>14456+<\/p>\n<h3>Sacos de frijol importados y exportados<\/h3>\n","protected":false},"excerpt":{"rendered":"<p>Con\u00f3cenos Comercializar herramientas, productos y servicios para el sector agr\u00edcola Ofrecemos a nuestros clientes herramientas, productos y servicios que le permitan innovar y estar a la vanguardia en la gesti\u00f3n [&hellip;]<\/p>\n","protected":false},"author":1,"featured_media":0,"parent":0,"menu_order":0,"comment_status":"closed","ping_status":"closed","template":"","meta":{"_themeisle_gutenberg_block_has_review":false,"footnotes":""},"_links":{"self":[{"href":"https:\/\/innovagrove.com\/index.php\/wp-json\/wp\/v2\/pages\/1470"}],"collection":[{"href":"https:\/\/innovagrove.com\/index.php\/wp-json\/wp\/v2\/pages"}],"about":[{"href":"https:\/\/innovagrove.com\/index.php\/wp-json\/wp\/v2\/types\/page"}],"author":[{"embeddable":true,"href":"https:\/\/innovagrove.com\/index.php\/wp-json\/wp\/v2\/users\/1"}],"replies":[{"embeddable":true,"href":"https:\/\/innovagrove.com\/index.php\/wp-json\/wp\/v2\/comments?post=1470"}],"version-history":[{"count":156,"href":"https:\/\/innovagrove.com\/index.php\/wp-json\/wp\/v2\/pages\/1470\/revisions"}],"predecessor-version":[{"id":2706,"href":"https:\/\/innovagrove.com\/index.php\/wp-json\/wp\/v2\/pages\/1470\/revisions\/2706"}],"wp:attachment":[{"href":"https:\/\/innovagrove.com\/index.php\/wp-json\/wp\/v2\/media?parent=1470"}],"curies":[{"name":"wp","href":"https:\/\/api.w.org\/{rel}","templated":true}]}}